{"id":540,"date":"2022-09-23T07:31:12","date_gmt":"2022-09-23T07:31:12","guid":{"rendered":"https:\/\/parkdisdeposu.com\/?post_type=product&#038;p=540"},"modified":"2022-09-23T07:33:09","modified_gmt":"2022-09-23T07:33:09","slug":"antar-dental-aeolus-1300ls-cerrahi-aspirator","status":"publish","type":"product","link":"https:\/\/parkdisdeposu.com\/index.php\/product\/antar-dental-aeolus-1300ls-cerrahi-aspirator\/","title":{"rendered":"ANTAR DENTAL AEOLUS-1300LS Cerrahi Aspirat\u00f6r"},"content":{"rendered":"<p>Maksimum 5 \u00dcnite Kadar Ba\u011flanabilir.<\/p>\n<p><strong>TEKN\u0130K PARAMETRELER<\/strong><\/p>\n<table border=\"0\" width=\"291\" cellspacing=\"0\" cellpadding=\"0\">\n<tbody>\n<tr class=\"firstRow\">\n<td class=\"et2\" width=\"160\" height=\"30\">Model<\/td>\n<td class=\"et3\" colspan=\"2\" width=\"97\">AEOLUS-1300LS<\/td>\n<\/tr>\n<tr>\n<td class=\"et4\" height=\"20\">Voltaj (V)<\/td>\n<td class=\"et4\" colspan=\"2\">220<\/td>\n<\/tr>\n<tr>\n<td class=\"et4\" height=\"20\">Frekans (HZ)<\/td>\n<td class=\"et4\">50<\/td>\n<td class=\"et4\">60<\/td>\n<\/tr>\n<tr>\n<td class=\"et4\" height=\"20\">G\u00fc\u00e7 (W)<\/td>\n<td class=\"et4\">1300<\/td>\n<td class=\"et4\">1500<\/td>\n<\/tr>\n<tr>\n<td class=\"et4\" height=\"20\">De\u011ferlendirilen Ak\u0131m (A)<\/td>\n<td class=\"et4\">3.5<\/td>\n<td class=\"et4\">3.8<\/td>\n<\/tr>\n<tr>\n<td class=\"et4\" height=\"20\">Maksimum Vakum (Kpa)<\/td>\n<td class=\"et5\" colspan=\"2\">\u2266-30<\/td>\n<\/tr>\n<tr>\n<td class=\"et4\" height=\"20\">Hava Ak\u0131\u015f\u0131\uff08L\/min)<\/td>\n<td class=\"et4\" colspan=\"2\">\u2267800<\/td>\n<\/tr>\n<tr>\n<td class=\"et6\" width=\"160\" height=\"35\">Ba\u011flanan Di\u015f \u00fcnitesi miktar\u0131 (e\u015fzamanl\u0131 kullan\u0131m% 60)<\/td>\n<td class=\"et4\" colspan=\"2\">5<\/td>\n<\/tr>\n<tr>\n<td class=\"et6\" width=\"160\" height=\"27\">Ba\u011flanan Di\u015f \u00fcnitesi miktar\u0131 (e\u015fzamanl\u0131 kullan\u0131m% 100)<\/td>\n<td class=\"et4\" colspan=\"2\">3<\/td>\n<\/tr>\n<tr>\n<td class=\"et4\" height=\"20\">\u00dcr\u00fcn a\u011f\u0131rl\u0131\u011f\u0131 (kg)<\/td>\n<td class=\"et4\" colspan=\"2\">41<\/td>\n<\/tr>\n<tr>\n<td class=\"et4\" height=\"20\">Paket A\u011f\u0131rl\u0131\u011f\u0131 (kg)<\/td>\n<td class=\"et4\" colspan=\"2\">59<\/td>\n<\/tr>\n<tr>\n<td class=\"et4\" height=\"20\">\u00dcr\u00fcn boyutu (cm)<\/td>\n<td class=\"et4\" colspan=\"2\">51*41*63<\/td>\n<\/tr>\n<tr>\n<td class=\"et4\" height=\"20\">Paket boyutu (cm)<\/td>\n<td class=\"et4\" colspan=\"2\">56*48*79<\/td>\n<\/tr>\n<tr>\n<td class=\"et4\" height=\"20\">G\u00fcr\u00fclt\u00fc (dB)<\/td>\n<td class=\"et4\" colspan=\"2\">69<\/td>\n<\/tr>\n<\/tbody>\n<\/table>\n","protected":false},"excerpt":{"rendered":"<p>Maksimum 5 \u00dcnite Kadar Ba\u011flanabilir. TEKN\u0130K PARAMETRELER Model AEOLUS-1300LS Voltaj (V) 220 Frekans (HZ) 50 60 G\u00fc\u00e7 (W) 1300 1500 De\u011ferlendirilen Ak\u0131m (A) 3.5 3.8 Maksimum Vakum (Kpa) \u2266-30 Hava Ak\u0131\u015f\u0131\uff08L\/min) \u2267800 Ba\u011flanan Di\u015f \u00fcnitesi miktar\u0131 (e\u015fzamanl\u0131 kullan\u0131m% 60) 5 Ba\u011flanan Di\u015f \u00fcnitesi miktar\u0131 (e\u015fzamanl\u0131 kullan\u0131m% 100) 3 \u00dcr\u00fcn a\u011f\u0131rl\u0131\u011f\u0131 (kg) 41 Paket A\u011f\u0131rl\u0131\u011f\u0131 (kg) [&hellip;]<\/p>\n","protected":false},"featured_media":541,"comment_status":"open","ping_status":"closed","template":"","meta":[],"product_cat":[37,24],"product_tag":[],"class_list":["post-540","product","type-product","status-publish","has-post-thumbnail","hentry","product_cat-antar-technology","product_cat-klinik-cihazlar"],"_links":{"self":[{"href":"https:\/\/parkdisdeposu.com\/index.php\/wp-json\/wp\/v2\/product\/540","targetHints":{"allow":["GET"]}}],"collection":[{"href":"https:\/\/parkdisdeposu.com\/index.php\/wp-json\/wp\/v2\/product"}],"about":[{"href":"https:\/\/parkdisdeposu.com\/index.php\/wp-json\/wp\/v2\/types\/product"}],"replies":[{"embeddable":true,"href":"https:\/\/parkdisdeposu.com\/index.php\/wp-json\/wp\/v2\/comments?post=540"}],"wp:featuredmedia":[{"embeddable":true,"href":"https:\/\/parkdisdeposu.com\/index.php\/wp-json\/wp\/v2\/media\/541"}],"wp:attachment":[{"href":"https:\/\/parkdisdeposu.com\/index.php\/wp-json\/wp\/v2\/media?parent=540"}],"wp:term":[{"taxonomy":"product_cat","embeddable":true,"href":"https:\/\/parkdisdeposu.com\/index.php\/wp-json\/wp\/v2\/product_cat?post=540"},{"taxonomy":"product_tag","embeddable":true,"href":"https:\/\/parkdisdeposu.com\/index.php\/wp-json\/wp\/v2\/product_tag?post=540"}],"curies":[{"name":"wp","href":"https:\/\/api.w.org\/{rel}","templated":true}]}}