{"id":534,"date":"2022-09-22T15:16:06","date_gmt":"2022-09-22T15:16:06","guid":{"rendered":"https:\/\/parkdisdeposu.com\/?post_type=product&#038;p=534"},"modified":"2022-09-23T07:25:25","modified_gmt":"2022-09-23T07:25:25","slug":"antar-dental-aeolus-750l-cerrahi-aspirator","status":"publish","type":"product","link":"https:\/\/parkdisdeposu.com\/index.php\/product\/antar-dental-aeolus-750l-cerrahi-aspirator\/","title":{"rendered":"ANTAR DENTAL AEOLUS-750L Cerrahi Aspirat\u00f6r"},"content":{"rendered":"<h1><strong>AEOLUS-750L Cerrahi Aspirat\u00f6r<\/strong><\/h1>\n<p>Maksimum 2 \u00dcnite Kadar Ba\u011flanabilir.<\/p>\n<p><strong>TEKN\u0130K PARAMETRELER<\/strong><\/p>\n<table width=\"365\">\n<tbody>\n<tr>\n<td width=\"214\">Model<\/td>\n<td colspan=\"2\" width=\"151\">AEOLUS-750L<\/td>\n<\/tr>\n<tr>\n<td width=\"214\">Voltaj (V)<\/td>\n<td colspan=\"2\" width=\"151\">220<\/td>\n<\/tr>\n<tr>\n<td width=\"214\">Frekans (HZ)<\/td>\n<td width=\"76\">50<\/td>\n<td width=\"76\">60<\/td>\n<\/tr>\n<tr>\n<td width=\"214\">G\u00fc\u00e7 (W)<\/td>\n<td width=\"76\">800<\/td>\n<td width=\"76\">850<\/td>\n<\/tr>\n<tr>\n<td width=\"214\">De\u011ferlendirilen Ak\u0131m (A)<\/td>\n<td width=\"76\">4.8<\/td>\n<td width=\"76\">5.2<\/td>\n<\/tr>\n<tr>\n<td width=\"214\">Maksimum Vakum (Kpa)<\/td>\n<td colspan=\"2\" width=\"151\">\u2266-15<\/td>\n<\/tr>\n<tr>\n<td width=\"214\">Hava Ak\u0131\u015f\u0131\uff08L\/min)<\/td>\n<td colspan=\"2\" width=\"151\">\u2267500<\/td>\n<\/tr>\n<tr>\n<td width=\"214\">Ba\u011flanan Di\u015f \u00fcnitesi miktar\u0131 (e\u015fzamanl\u0131 kullan\u0131m% 60)<\/td>\n<td colspan=\"2\" width=\"151\">2<\/td>\n<\/tr>\n<tr>\n<td width=\"214\">Ba\u011flanan Di\u015f \u00fcnitesi miktar\u0131 (e\u015fzamanl\u0131 kullan\u0131m% 100)<\/td>\n<td colspan=\"2\" width=\"151\">1<\/td>\n<\/tr>\n<tr>\n<td width=\"214\">\u00dcr\u00fcn a\u011f\u0131rl\u0131\u011f\u0131 (kg)<\/td>\n<td colspan=\"2\" width=\"151\">26<\/td>\n<\/tr>\n<tr>\n<td width=\"214\">Paket A\u011f\u0131rl\u0131\u011f\u0131 (kg)<\/td>\n<td colspan=\"2\" width=\"151\">37<\/td>\n<\/tr>\n<tr>\n<td width=\"214\">\u00dcr\u00fcn boyutu (cm)<\/td>\n<td colspan=\"2\" width=\"151\">49*31*66<\/td>\n<\/tr>\n<tr>\n<td width=\"214\">Paket boyutu (cm)<\/td>\n<td colspan=\"2\" width=\"151\">53*37*65<\/td>\n<\/tr>\n<tr>\n<td width=\"214\">G\u00fcr\u00fclt\u00fc (dB)<\/td>\n<td colspan=\"2\" width=\"151\">67<\/td>\n<\/tr>\n<\/tbody>\n<\/table>\n","protected":false},"excerpt":{"rendered":"<p>AEOLUS-750L Cerrahi Aspirat\u00f6r Maksimum 2 \u00dcnite Kadar Ba\u011flanabilir. TEKN\u0130K PARAMETRELER Model AEOLUS-750L Voltaj (V) 220 Frekans (HZ) 50 60 G\u00fc\u00e7 (W) 800 850 De\u011ferlendirilen Ak\u0131m (A) 4.8 5.2 Maksimum Vakum (Kpa) \u2266-15 Hava Ak\u0131\u015f\u0131\uff08L\/min) \u2267500 Ba\u011flanan Di\u015f \u00fcnitesi miktar\u0131 (e\u015fzamanl\u0131 kullan\u0131m% 60) 2 Ba\u011flanan Di\u015f \u00fcnitesi miktar\u0131 (e\u015fzamanl\u0131 kullan\u0131m% 100) 1 \u00dcr\u00fcn a\u011f\u0131rl\u0131\u011f\u0131 (kg) 26 [&hellip;]<\/p>\n","protected":false},"featured_media":535,"comment_status":"open","ping_status":"closed","template":"","meta":[],"product_cat":[37,24],"product_tag":[],"class_list":["post-534","product","type-product","status-publish","has-post-thumbnail","hentry","product_cat-antar-technology","product_cat-klinik-cihazlar"],"_links":{"self":[{"href":"https:\/\/parkdisdeposu.com\/index.php\/wp-json\/wp\/v2\/product\/534","targetHints":{"allow":["GET"]}}],"collection":[{"href":"https:\/\/parkdisdeposu.com\/index.php\/wp-json\/wp\/v2\/product"}],"about":[{"href":"https:\/\/parkdisdeposu.com\/index.php\/wp-json\/wp\/v2\/types\/product"}],"replies":[{"embeddable":true,"href":"https:\/\/parkdisdeposu.com\/index.php\/wp-json\/wp\/v2\/comments?post=534"}],"wp:featuredmedia":[{"embeddable":true,"href":"https:\/\/parkdisdeposu.com\/index.php\/wp-json\/wp\/v2\/media\/535"}],"wp:attachment":[{"href":"https:\/\/parkdisdeposu.com\/index.php\/wp-json\/wp\/v2\/media?parent=534"}],"wp:term":[{"taxonomy":"product_cat","embeddable":true,"href":"https:\/\/parkdisdeposu.com\/index.php\/wp-json\/wp\/v2\/product_cat?post=534"},{"taxonomy":"product_tag","embeddable":true,"href":"https:\/\/parkdisdeposu.com\/index.php\/wp-json\/wp\/v2\/product_tag?post=534"}],"curies":[{"name":"wp","href":"https:\/\/api.w.org\/{rel}","templated":true}]}}